85.
75
Calculate the remainder when 105 is divided by 18.
15
What is the remainder when 1340 is divided by 14?
10
Calculate the remainder when 7417 is divided by 181.
177
Calculate the remainder when 145 is divided by 74.
71
What is the remainder when 92 is divided by 9?
2
Calculate the remainder when 254 is divided by 32.
30
Calculate the remainder when 1617 is divided by 28.
21
Calculate the remainder when 121 is divided by 31.
28
What is the remainder when 459 is divided by 240?
219
What is the remainder when 304 is divided by 51?
49
What is the remainder when 340 is divided by 89?
73
Calculate the remainder when 860 is divided by 48.
44
Calculate the remainder when 488 is divided by 49.
47
What is the remainder when 170 is divided by 87?
83
Calculate the remainder when 1828 is divided by 35.
8
Calculate the remainder when 258 is divided by 132.
126
Calculate the remainder when 3259 is divided by 3256.
3
What is the remainder when 500 is divided by 113?
48
What is the remainder when 115 is divided by 58?
57
Calculate the remainder when 2589 is divided by 517.
4
What is the remainder when 428 is divided by 72?
68
Calculate the remainder when 293 is divided by 34.
21
Calculate the remainder when 154 is divided by 54.
46
What is the remainder when 49 is divided by 16?
1
What is the remainder when 1160 is divided by 128?
8
Calculate the remainder when 1267 is divided by 98.
91
Calculate the remainder when 289 is divided by 21.
16
Calculate the remainder when 277 is divided by 59.
41
What is the remainder when 61 is divided by 12?
1
What is the remainder when 1091 is divided by 39?
38
What is the remainder when 202 is divided by 29?
28
What is the remainder when 2881 is divided by 7?
4
What is the remainder when 269 is divided by 54?
53
What is the remainder when 2566 is divided by 848?
22
Calculate the remainder when 643 is divided by 94.
79
Calculate the remainder when 83 is divided by 28.
27
What is the remainder when 607 is divided by 31?
18
What is the remainder when 87 is divided by 10?
7
What is the remainder when 853 is divided by 8?
5
What is the remainder when 23 is divided by 7?
2
Calculate the remainder when 56 is divided by 28.
0
Calculate the remainder when 4361 is divided by 15.
11
What is the remainder when 24 is divided by 18?
6
Calculate the remainder when 91 is divided by 81.
10
What is the remainder when 741 is divided by 93?
90
Calculate the remainder when 319 is divided by 1.
0
What is the remainder when 2088 is divided by 110?
108
What is the remainder when 21212 is divided by 52?
48
Calculate the remainder when 3878 is divided by 97.
95
What is the remainder when 1269 is divided by 161?
142
Calculate the remainder when 2359 is divided by 74.
65
Calculate the remainder when 263 is divided by 27.
20
What is the remainder when 9092 is divided by 70?
62
What is the remainder when 311 is divided by 8?
7
What is the remainder when 4979 is divided by 89?
84
What is the remainder when 52 is divided by 34?
18
What is the remainder when 1497 is divided by 61?
33
What is the remainder when 2617 is divided by 20?
17
What is the remainder when 176 is divided by 43?
4
What is the remainder when 1080 is divided by 267?
12
Calculate the remainder when 5790 is divided by 826.
8
What is the remainder when 460 is divided by 22?
20
What is the remainder when 153 is divided by 77?
76
Calculate the remainder when 120 is divided by 42.
36
Calculate the remainder when 48 is divided by 2.
0
Calculate the remainder when 105 is divided by 36.
33
Calculate the remainder when 85 is divided by 22.
19
Calculate the remainder when 397 is divided by 32.
13
What is the remainder when 181 is divided by 6?
1
What is the remainder when 240 is divided by 49?
44
What is the remainder when 60 is divided by 25?
10
Calculate the remainder when 986 is divided by 43.
40
What is the remainder when 35 is divided by 6?
5
Calculate the remainder when 587 is divided by 6.
5
What is the remainder when 889 is divided by 221?
5
Calculate the remainder when 198 is divided by 56.
30
What is the remainder when 140 is divided by 51?
38
Calculate the remainder when 43 is divided by 6.
1
What is the remainder when 377 is divided by 128?
121
What is the remainder when 388 is divided by 26?
24
What is the remainder when 73150 is divided by 221?
220
What is the remainder when 148 is divided by 61?
26
What is the remainder when 203 is divided by 23?
19
Calculate the remainder when 536 is divided by 11.
8
Calculate the remainder when 4245 is divided by 177.
174
What is the remainder when 3604 is divided by 7?
6
Calculate the remainder when 993 is divided by 245.
13
What is the remainder when 58 is divided by 6?
4
What is the remainder when 1315 is divided by 188?
187
Calculate the remainder when 61 is divided by 8.
5
Calculate the remainder when 91 is divided by 20.
11
What is the remainder when 290 is divided by 10?
0
What is the remainder when 193 is divided by 19?
3
What is the remainder when 272 is divided by 21?
20
Calculate the remainder when 405 is divided by 69.
60
What is the remainder when 135 is divided by 41?
12
Calculate the remainder when 45 is divided by 11.
1
What is the remainder when 432 is divided by 25?
7
What is the remainder when 300 is divided by 149?
2
What is the remainder when 16718 is divided by 220?
218
What is the remainder when 595 is divided by 153?
136
What is the remainder when 595 is divided by 254?
87
Calculate the remainder when 908 is divided by 345.
218
Calculate the remainder when 443 is divided by 56.
51
What is the remainder when 314 is divided by 40?
34
What is the remainder when 426 is divided by 61?
60
Calculate the remainder when 2127 is divided by 236.
3
What is the remainder when 234 is divided by 24?
18
Calculate the remainder when 170 is divided by 58.
54
What is the remainder when 320 is divided by 78?
8
What is the remainder when 520 is divided by 199?
122
What is the remainder when 1252 is divided by 207?
10
What is the remainder when 2563 is divided by 171?
169
Calculate the remainder when 389 is divided by 22.
15
Calculate the remainder when 1734 is divided by 215.
14
What is the remainder when 1337 is divided by 134?
131
What is the remainder when 75 is divided by 50?
25
What is the remainder when 843 is divided by 353?
137
Calculate the remainder when 430 is divided by 9.
7
Calculate the remainder when 618 is divided by 12.
6
Calculate the remainder when 935 is divided by 249.
188
Calculate the remainder when 240 is divided by 11.
9
What is the remainder when 76 is divided by 23?
7
What is the remainder when 226 is divided by 19?
17
What is the remainder when 2823 is divided by 469?
9
Calculate the remainder when 1173 is divided by 59.
52
Calculate the remainder when 195 is divided by 53.
36
Calculate the remainder when 344 is divided by 58.
54
What is the remainder when 458 is divided by 136?
50
Calculate the remainder when 336 is divided by 39.
24
Calculate the remainder when 1240 is divided by 304.
24
Calculate the remainder when 79 is divided by 16.
15
Calculate the remainder when 1070 is divided by 108.
98
What is the remainder when 125 is divided by 36?
17
What is the remainder when 1866 is divided by 381?
342
Calculate the remainder when 697 is divided by 374.
323
What is the remainder when 364 is divided by 75?
64
What is the remainder when 1137 is divided by 44?
37
Calculate the remainder when 382 is divided by 7.
4
What is the remainder when 77 is divided by 32?
13
Calculate the remainder when 4040 is divided by 1.
0
What is the remainder when 47 is divided by 18?
11
What is the remainder when 240 is divided by 97?
46
What is the remainder when 938 is divided by 928?
10
What is the remainder when 468 is divided by 118?
114
Calculate the remainder when 881 is divided by 259.
104
What is the remainder when 488 is divided by 39?
20
Calculate the remainder when 149 is divided by 97.
52
What is the remainder when 314 is divided by 79?
77
Calculate the remainder when 282 is divided by 72.
66
What is the remainder when 134 is divided by 47?
40
Calculate the remainder when 345 is divided by 78.
33
What is the remainder when 373 is divided by 192?
181
What is the remainder when 412 is divided by 38?
32
What is the remainde